 12, what is -104b339 - 0?
-104b339
In base 9, what is 18 - -1587641?
1587660
In base 12, what is -23417b - -9?
-234172
In base 11, what is 1525a + -96?
15174
In base 12, what is 2571 - -6a84?
9435
In base 15, what is -5 - 16a1ea?
-16a200
In base 4, what is -2 - 20302120302?
-20302120310
In base 16, what is -14c0 - -120e?
-2b2
In base 6, what is 1311352134 + 0?
1311352134
In base 7, what is 112301 + -535?
111433
In base 5, what is -12 - -3400031310?
3400031243
In base 8, what is -4 - -15376305?
15376301
In base 9, what is -736 - 7285?
-8132
In base 15, what is -ad - c1299?
-c1357
In base 7, what is 5 - -213461504?
213461512
In base 3, what is -2201022022211 + 100?
-2201022022111
In base 7, what is -65142 - 5324?
-103466
In base 2, what is -100111000101011110 - 1000?
-100111000101100110
In base 15, what is 1e7 - ad2a7?
-ad0b0
In base 15, what is 231ae - -22c?
233db
In base 12, what is 30850 + 17a?
30a0a
In base 10, what is 4 - -4786337?
4786341
In base 11, what is -98110 - -61?
-9805a
In base 4, what is -11003 - 11330333?
-12002002
In base 15, what is -3ad6 - -2cb?
-380a
In base 2, what is -10010 - -1001000001001001?
1001000000110111
In base 8, what is 144064 - 3373?
140471
In base 7, what is 56 + -1122444?
-1122355
In base 5, what is -14343110123 + 0?
-14343110123
In base 2, what is 1111111110 - 1110010100110000101?
-1110010010110000111
In base 6, what is 13 - -4100222344?
4100222401
In base 16, what is 2 + -f201b0?
-f201ae
In base 7, what is -2 - 156062642?
-156062644
In base 4, what is -3201230 - -10123?
-3131101
In base 6, what is 1521410403 + 5?
1521410412
In base 2, what is -1 - 1010111110110011001101010111?
-1010111110110011001101011000
In base 4, what is -103121110111 + -3?
-103121110120
In base 12, what is 72 - 145523?
-145471
In base 6, what is -13 + 3524000313?
3524000300
In base 10, what is 784 + 179113?
179897
In base 5, what is 103023 - -10401?
113424
In base 8, what is 105054 + -1730?
103124
In base 12, what is -6b84 - 100?
-7084
In base 13, what is 43661 + b5?
43746
In base 12, what is 67b620 - 1?
67b61b
In base 2, what is -1 - 10011101101001101001110010?
-10011101101001101001110011
In base 2, what is -11011011000111100000110100 + 10?
-11011011000111100000110010
In base 6, what is -22002503032 + -3?
-22002503035
In base 3, what is -20102011 + -20000012012?
-20020121100
In base 11, what is -156192 - -42?
-156150
In base 4, what is -322211 - -3031110?
2102233
In base 14, what is -2214 + 9a83?
786d
In base 3, what is 22 + -120201212012?
-120201211220
In base 2, what is 110010100101110010101011 + -11?
110010100101110010101000
In base 14, what is -7a7044 + 28?
-7a701a
In base 15, what is 3 + 7b7624?
7b7627
In base 7, what is -6 + -4431655?
-4431664
In base 13, what is -2b - 51574?
-515a2
In base 5, what is 101143314212 + 3?
101143314220
In base 4, what is -3020030003011011 + -3?
-3020030003011020
In base 7, what is 4 + 1651046?
1651053
In base 11, what is -738a - -2899?
-45a1
In base 5, what is -22 + -4404234?
-4404311
In base 11, what is -492 - 8624?
-9006
In base 7, what is 161 + -4206301?
-4206110
In base 3, what is 2010 + -1011012111?
-1011010101
In base 9, what is -84 - 373666?
-373761
In base 14, what is 243 + -54b1?
-526c
In base 4, what is 100032 + 232130?
332222
In base 4, what is 312220 - -320120?
1233000
In base 7, what is -50 + 132040211?
132040131
In base 12, what is -16958b + 18?
-169573
In base 12, what is -13a71b + 61?
-13a67a
In base 3, what is 12110 + 1101121212002?
1101122001112
In base 5, what is 3 - -1012141034?
1012141042
In base 3, what is 11102202211 + -2010?
11102200201
In base 6, what is -55004 + 12552?
-42012
In base 12, what is 0 + -a274525?
-a274525
In base 16, what is -2 - 7048373?
-7048375
In base 4, what is -22002 - -2130032220?
2130010212
In base 8, what is 3622166 + -7?
3622157
In base 10, what is -7 - 3137188?
-3137195
In base 2, what is -1001111 - -1010000010101101?
1010000001011110
In base 5, what is 24412231 - -342?
24413123
In base 14, what is -25d - -159b4?
15755
In base 12, what is -62 + -2379611?
-2379673
In base 10, what is 643 + -1040197?
-1039554
In base 8, what is 10453033 + 44?
10453077
In base 3, what is -1012100 + -100210200?
-102000000
In base 11, what is 16123a8 - 3?
16123a5
In base 15, what is -2098 + -2762?
-480a
In base 5, what is -12124 - 340202?
-402331
In base 4, what is -130 - -302113032320?
302113032130
In base 3, what is 10022110021220 - 2222?
10022110011221
In base 2, what is 1 - -111011100000101011100?
111011100000101011101
In base 5, what is -2312100031341 - -2?
-2312100031334
In base 9, what is -231012 - -818?
-230083
In base 4, what is -1122311 - -30133220?
23010303
In base 13, what is -1c - 585a6?
-585c5
In base 9, what is 1456246 - -131?
1456377
In base 4, what is 1022032 + 33321?
1122013
In base 9, what is 1017451 - 432?
1017018
In base 7, what is 1 + -54641056?
-54641055
In base 9, what is 15850 + -3657?
12182
In base 13, what is 37a + 28429?
287a6
In base 13, what is 25 - -179377?
17939c
In base 10, what is 2 - 27680502?
-27680500
In base 13, what is -17 + -2522849?
-2522863
In base 13, what is -9 + 162094b?
1620942
In base 12, what is 25 - -253903?
253928
In base 12, what is -7 + -982974?
-98297b
In base 6, what is 5412541 - -120?
5413101
In base 4, what is 22 - -23032123000113?
23032123000201
In base 9, what is 5282 + -5124?
157
In base 4, what is -332 - 210303010303?
-210303011301
In base 4, what is -3020223130120 + 1?
-3020223130113
In base 13, what is -1a7cc + -4a2?
-1aca1
In base 10, what is -2 - -54597389?
54597387
In base 7, what is 222625 - -3421?
226346
In base 5, what is 4411234 + -230321?
4130413
In base 16, what is a42fd1 - -2?
a42fd3
In base 6, what is -3 - 3042210450?
-3042210453
In base 7, what is 1 + 5565464?
5565465
In base 6, what is 5310 + -4122140?
-4112430
In base 4, what is 1 + 202033233001?
202033233002
In base 2, what is 10101100010110011 + -1000101100?
10101011010000111
In base 16, what is -137d61e5 - -4?
-137d61e1
In base 11, what is -15 - -648791?
648777
In base 7, what is -15651421 - -2?
-15651416
In base 16, what is 3 - -360d1be?
360d1c1
In base 12, what is -285564 + -1b?
-285583
In base 3, what is 2122 + -2202110122121?
-2202110112222
In base 15, what is -1e1a + ab04?
8bd9
In base 10, what is -972948 + 1?
-972947
In base 16, what is -2c9 + 6d44c?
6d183
In base 9, what is 1001881024 - -3?
1001881027
In base 15, what is 905 + -187?
76d
In base 11, what is 82306 - -2167?
84472
In base 6, what is 15404243 + -2400?
15401443
In base 3, what is 201011112011221 - 0?
201011112011221
In base 8, what is -33235 - -23631?
-7404
In base 11, what is 2 + -6082a8?
-6082a6
In base 14, what is 484a - 55?
47d5
In base 2, what is 100011011010010 + -1000000101?
100010011001101
In base 2, what is -1001100101001111010110 + -100011?
-1001100101001111111001
In base 8, what is -2115170 - 644?
-2116034
In base 10, what is -1499 + -18958?
-20457
In base 10, what is -145 - 7422290?
-7422435
In base 10, what is 0 + 40120537?
40120537
In base 6, what is -2015121 + 11?
-2015110
In base 7, what is -1 - -112133455?
112133454
In base 15, what is -e40b6b2 - 1?
-e40b6b3
In base 2, what is 100111011000001111100110011 + -1?
100111011000001111100110010
In base 14, what is -7c94400 - 0?
-7c94400
In base 5, what is 1110301200 + 11?
1110301211
In base 11, what is -10 - 286024?
-286034
In base 10, what is 5 + 4836780?
4836785
In base 7, what is 1 - -35162414?
35162415
In base 10, what is 671335675 + 2?
671335677
In base 7, what is -12013543 - 52?
-12013625
In base 11, what is -225295 + 176?
-22511a
In base 15, what is 0 - -a0231d?
a0231d
In base 8, what is 1462 + 225354?
227036
In base 15, what is 55de65 + -1?
55de64
In base 15, what is 31 - -1d62aa?
1d62db
In base 12, what is 6b3a01 + 3?
6b3a04
In base 3, what is -1020212122010 + 2?
-1020212122001
In base 5, what is 1 - -2340410002?
2340410003
In base 15, what is -50 + 943e2?
94392
In base 4, what is -23331210223212 - -11?
-23331210223201
In base 9, what is 1144014 - 25?
1143878
In base 3, what is 10101221220201211 + 2?
10101221220201220
In base 4, what is -22 - -2130012200313?
2130012200231
In base 9, what is -6670 - -40564?
32784
In base 9, what is 52 - 141381?
-141328
In base 8, what is 50 - 11327171?
-11327121
In base 